= 4*p. What is the units digit of w?
6
Suppose -4*s - 2*t + 106 = -284, -5*t = 25. What is the hundreds digit of s?
1
Suppose 5*p - 200 = c, c - 50 = 3*p - 172. What is the units digit of p?
9
Let w be 102*((-4)/(-8) - 0). Suppose 5*f - 34 = w. What is the tens digit of f?
1
Suppose -3*u - 2*u = 0. Suppose q - 2 - 1 = u. Suppose 0*s + 3*s + 4*b = -2, q*s - 8 = -2*b. What is the units digit of s?
6
Let q(o) = -o**3 + 7*o**2 + 2*o - 10. Let l be q(7). Suppose t - l*t + 15 = -3*j, 4 = j. What is the units digit of t?
9
Suppose 0 = 4*y - a + 20, 4*y - a = a - 20. Let g be (-1)/y + (-1)/5. Suppose 3*m - 8*m + 25 = g. What is the units digit of m?
5
Suppose 35 = 3*g - p, -52 = -3*g + 2*p - 15. What is the tens digit of g?
1
Suppose 0*y = 3*v - 2*y - 353, -4*v = 2*y - 494. Let x = v - 70. What is the units digit of x?
1
Let v(i) = 6*i**3 + 8*i**2 - 5*i + 7. Let w(g) = 7*g**3 + 9*g**2 - 5*g + 8. Let t(n) = -6*v(n) + 5*w(n). Let q be t(-4). What is the units digit of (-20)/6*q/5?
4
Suppose -4*x = 4*d + 28, 12 = -3*d - x - 3. Let u = d - -7. What is the units digit of u?
3
Let d = 10 - 6. Suppose -a - d*s - 3 = -9*s, -5*s = -2*a + 4. What is the units digit of a?
7
Let t(h) = h - 3. Let a be t(3). Suppose -m + 2*m - 11 = a. Suppose 4*v - 21 - m = 0. What is the units digit of v?
8
Let m(k) = -k - 2. Let x be m(8). What is the tens digit of (-394)/x + 2/(-5)?
3
Suppose w + 956 = 5*w. What is the hundreds digit of w?
2
Let d(b) = 2*b**2 - 5*b - 6. Let y be d(-6). Suppose -3*a - y = -6*a. What is the tens digit of a?
3
Suppose -4*x - 20 = -3*z - z, -2*z = 4*x + 20. Suppose -5*n = 0, z = -5*a + a - 3*n. Suppose a = -5*f + 26 + 9. What is the units digit of f?
7
Let w(b) = -b + 1. Let o be w(4). Let t(y) = 3*y**3 - y**2 + 2*y - 1. Let q be t(1). Let u = q - o. What is the units digit of u?
6
Let v(x) = -66*x - 79. What is the units digit of v(-5)?
1
Suppose 2*z = 5*z - 12. Suppose -o - 4*y = 12 - z, 4*o - 2*y - 40 = 0. What is the units digit of o?
8
Let l = 24 - 21. Suppose -r - l = -26. What is the units digit of r?
3
Let p(i) = 6*i**3 - 2*i. What is the tens digit of p(2)?
4
Suppose -3*d = -7*d + 4. Let y = -8 + 12. What is the units digit of (-1 + y)*(d - 0)?
3
Let i be (-4865)/15 + 2/6. What is the units digit of i/(-21) + 9/(-21)?
5
Let t(b) = 5*b - 5. Let w be t(-5). Let d = -16 + -1. Let g = d - w. What is the tens digit of g?
1
Let s = 43 + -18. What is the units digit of s?
5
Let t(w) = 3*w + 3. Let h = 7 + -2. Let o be t(h). Suppose -o = -2*m - 0. What is the units digit of m?
9
Let k be ((-1)/5)/((-2)/10). Suppose -1 = -p + k. What is the units digit of p?
2
Suppose 1012 - 207 = 5*s. What is the hundreds digit of s?
1
What is the units digit of 14/3 + (-7)/(-21)?
5
Suppose 32 = 4*s - w, s + 4 = 5*w + 12. Let j(h) = h**2 - 12*h + 25. Let l be j(10). Suppose s = l*p - 57. What is the tens digit of p?
1
Let h(a) = 6*a**2 + 1. Let c be h(-1). Let v(y) = y + 1. Let f be v(c). Suppose 3*l = 3*d - 21, 4*d + f*l - 10 = 3*l. What is the units digit of d?
5
Suppose 3 + 4 = z. What is the units digit of z?
7
Suppose 4*m - 14 = 2. Let g(u) = u**3 - 4*u**2 + 3*u - 1. Let h be g(m). Let r(q) = -q**2 + 13*q - 16. What is the units digit of r(h)?
6
Let f be -30*(3 + 40/(-12)). Suppose -5*s + h + 124 = 0, 4*h + f = -6. What is the units digit of s?
4
Suppose 0 = -2*u + 10, -3*k + 44 + 77 = 5*u. What is the tens digit of k?
3
Let r = -145 + 261. What is the hundreds digit of r?
1
Let z = -59 - -128. What is the units digit of z?
9
Suppose 12 = 8*f - 2*f. Suppose -61 = -f*o + 5*j + 13, 5*j - 148 = -4*o. What is the tens digit of o?
3
What is the units digit of (-3)/3*17*-2?
4
Let r = -1 + -5. Let p = r + 14. What is the units digit of p?
8
Let b = -8 + 12. Suppose b*z - 8 = -h - 0*h, -3*z = -3. Suppose -1 - 15 = -h*q. What is the units digit of q?
4
Suppose 4*g - 114 = g. Suppose -6*t + 3*t + 70 = -4*o, -5*o = -t + g. What is the tens digit of t?
1
Let h(a) = -a + 7. Let k be h(0). What is the units digit of (-4)/k + (-335)/(-35)?
9
Let g be -2 + (0 - -6) - 2. Let v be ((6/(-9))/(-2))/(3/81). Suppose -b + v = g*b. What is the units digit of b?
3
Suppose -5*b = -5*j, -4*b + 28 = -0*b + 3*j. Suppose -4*y - i = -3, -4*i - b = -16. Suppose y*f - f + 6 = 0. What is the units digit of f?
6
Let k(q) = q**3 - 9*q**2 - 7*q - 3. What is the tens digit of k(10)?
2
Let y = -1 - 4. Let i(s) = s**3 + 4*s**2 - 6*s. What is the units digit of i(y)?
5
Let o(b) = -b**3 - 4*b**2 - 4*b + 2. Suppose -6*n - 20 = -n. Let j be o(n). What is the units digit of ((-2)/(-3))/(6/j)?
2
Let v(n) = -12*n + 3*n**2 + 1 + 9 + n**3 - 14*n**2. What is the units digit of v(12)?
0
Let c(y) = -y**3 + 9*y**2 - 8*y + 9. What is the units digit of c(7)?
1
Suppose 2*j + 68 = 4*j. What is the tens digit of j?
3
Let z(i) = i + 10. Let b be z(0). Let d = 14 - b. What is the units digit of d?
4
Let f = 310 - 146. What is the hundreds digit of f?
1
Let g = -150 + 339. What is the hundreds digit of g?
1
Let y(v) = 4*v**2 - 3*v - 1. Let q be y(-3). Suppose 3*t = -2 + q. What is the units digit of t?
4
Suppose -r = -5*u - 165, -3*r + 0*u + 483 = -3*u. Suppose 4*b = -0*b + r. What is the units digit of b/2*2/4?
0
Let k(j) = -10*j**3 - j**2 + j. Let y be k(1). Let a = -2 - -18. Let z = a + y. What is the units digit of z?
6
Suppose 0 = -0*i - 2*i - 28. Let q(b) = b**2 + 11*b - 12. What is the tens digit of q(i)?
3
Let r be 3/(-9)*-3 + 0. Suppose -q - 7 = -3*w + r, 5*q = 5. What is the units digit of w?
3
Let f(x) = 11*x**2 + 2*x - 2. What is the tens digit of f(-2)?
3
Let b = 5 + -7. What is the units digit of -2*(33/(-6) - b)?
7
Let u(s) = s**3 - 3*s**2 + 2*s. Let z be u(4). What is the units digit of (3/4)/(1/z)?
8
Let s(v) = 2*v + 1. Let m be s(5). Let w = -2 + m. What is the units digit of w?
9
Let d(c) = -c - 6. Let j be d(-6). Let g(h) = -1 + 6*h + j*h - 2. What is the units digit of g(3)?
5
Let v(o) = -o**2 + 4. Let d be v(0). Suppose -y = -d*y - 18. Let h = 2 - y. What is the units digit of h?
8
Suppose -3*v - 20 = -5*v. Let u = v + -3. What is the units digit of u?
7
Let r = 7 - 7. Let n(v) = -v**3 - v**2 + 2*v + 23. What is the units digit of n(r)?
3
Let i = -4 + 4. Suppose i = -3*m + 5*m. Suppose 0 = -m*p + p - 5. What is the units digit of p?
5
Let u(f) = 169*f**2 + 8*f - 7. What is the tens digit of u(1)?
7
Let d(a) = 2*a - 8. Let c be d(7). Suppose 0*s = 3*s - c. Suppose 4*b = s*y + 42, 3*y + 8 - 88 = -5*b. What is the units digit of b?
3
Suppose -p - 4*p - 2*y - 35 = 0, -2*p = 5*y - 7. Let r be 20/6 - (-3)/p. What is the units digit of ((-18)/r)/((-2)/3)?
9
Let y(m) = -5*m + 3*m - 4*m**2 + 0*m - 1. Let c be y(-1). Let u = c - -4. What is the units digit of u?
1
Let g = 501 - 186. What is the hundreds digit of g?
3
Suppose 3*f = -12, -3*f + 37 = -3*l + 13. Let y = 23 + l. What is the units digit of y?
1
Let y(d) = 3*d**2 - 16*d + 30. What is the hundreds digit of y(9)?
1
Suppose 0 = 5*n - 18 + 3. Suppose -5*b + 2*x = -24, -3*b = -n*x - 16 - 2. Suppose 3*j + 12 = b*j. What is the units digit of j?
2
Let g be 1/(-2) - (-21)/(-2). Let i be ((-18)/(-2))/(-3) + 0. Let k = i - g. What is the units digit of k?
8
Suppose 3*t - 3*r + r = 71, 5*r - 79 = -2*t. What is the units digit of t?
7
Let g = 552 - 175. What is the units digit of g?
7
Let h(k) = k**2 + k - 5. Let b be h(0). Let i = 10 + b. Suppose -3*s - 2*s = 5, 4*y = i*s + 45. What is the tens digit of y?
1
Suppose -29 = 7*k - 8*k. What is the tens digit of k?
2
Suppose -81 = -5*o - 3*x, 3*o = -3*x + 69 - 18. What is the tens digit of o?
1
Suppose 0 = -3*x - 0*x + 15. Suppose 2*z = -3*b - z + 12, x*z = 0. What is the units digit of b?
4
Let k(m) be the first derivative of m**4/4 - m**3 + 4*m + 2. Let o = 11 + -8. What is the units digit of k(o)?
4
Let b = 8 - 1. What is the units digit of b?
7
Suppose -2*s + 11 + 27 = 0. What is the units digit of s?
9
Suppose -x + 11 + 33 = 0. What is the tens digit of x?
4
Let g = 78 + 4. What is the units digit of g?
2
Let w(f) = 10*f - 4. What is the units digit of w(4)?
6
Let t be 12/9*(-78)/(-4). Suppose 2*x = -3*j, -3*x + 0*j + 2*j = -t. Suppose -2*n = -x*n + 8. What is the units digit of n?
2
Let d(k) = -k + 9. Let m = -1 - -7. Suppose -m*t = -2*t - 20. What is the units digit of d(t)?
4
Suppose 21 = -5*o + 6,